*r, -5*x - 3*r = -335964. List the prime factors of x.
2, 3, 11, 509
Let b be (-8)/(-14) - (-118826)/133. List the prime factors of (98/196)/(0 + 1/b).
3, 149
Suppose 165*i - 303395 = 160*i + 5*b, 2*b + 242726 = 4*i. What are the prime factors of i?
2, 3, 13, 389
Let i be 1 + -2*(-1900)/(-8). Let o = 824 + i. What are the prime factors of o?
2, 5, 7
Let y be (-7)/3 - (0 - 10/(-15)). Let f be 1/(12/945)*(-32)/y. Suppose m + 5*m - f = 0. What are the prime factors of m?
2, 5, 7
Let w(r) = -15958*r - 851. List the prime factors of w(-3).
59, 797
Let t be 6 + 4 + -5 - 0. Suppose -243 + 1493 = t*w. What are the prime factors of w?
2, 5
Let a = -330 + 331. List the prime factors of 115 - -6 - (-5 + a).
5
Let x(b) = -10*b + 3985. List the prime factors of x(70).
3, 5, 73
Suppose s - 6 = -0*s. Suppose 2*y + 106*i - 29 = 103*i, 36 = 3*y + 2*i. What are the prime factors of ((-4)/y)/(0 - s/1230)?
2, 41
Let l be (-1)/6 - 19635/(-306). Let d = 363 - l. List the prime factors of d.
13, 23
Let b be 10/(-35) + 886/14 + 0. Suppose o - 10*o = -b. Suppose -8*g + o*g = -67. List the prime factors of g.
67
Suppose 10*l - 5650 = 5*l. Suppose -l = -17*a + 22*a. Let y = -142 - a. What are the prime factors of y?
2, 3, 7
Let i(a) = 41*a**2 - 12*a - 4. Let j = 14 - 17. List the prime factors of i(j).
401
Let n(z) be the second derivative of z**4/12 - 7*z**3/2 + 30*z**2 + 3*z - 10. List the prime factors of n(31).
2, 5, 37
Suppose a = 3*a - 4*b, -3*b + 3 = -a. Suppose -4*d = a*d. List the prime factors of ((-2)/4 - d)/((-4)/1096).
137
Suppose 142*u - 1360968 - 1071350 = 0. What are the prime factors of u?
7, 2447
Let u be 3 + -2 + 18 + -7. List the prime factors of 14214/u - 4/(-8).
3, 5, 79
Let h(q) = 3*q**3 + 3*q**2 - 2*q - 10. Let b be h(3). Suppose 1818 = -86*y + b*y. What are the prime factors of y?
3, 101
Let j(z) = -14*z**3 + 17*z**2 - 19*z - 26. Let p be j(-13). Suppose 12*s - p = -27*s. List the prime factors of s.
2, 7, 31
Let q be (-90)/(-4) + 15/(-6) + 2. Suppose 3*x + 2*j = q - 8, 0 = -x - j + 6. Suppose -x*p - 2*p + m = -313, -2*p - m + 161 = 0. List the prime factors of p.
79
What are the prime factors of 18/48 - (49205/(-8) + 7)?
2, 3
Let z(y) = y**3 - y**2 - 2. Let r(m) = -7*m**3 - 33*m**2 + 7*m + 12. Let v(q) = -r(q) - 5*z(q). List the prime factors of v(-19).
131
Let y(w) = 133*w - 14*w - 57 + 9. List the prime factors of y(6).
2, 3, 37
Let u = 582 + 43494. List the prime factors of u.
2, 3, 3673
Let t = 19619 - 10812. List the prime factors of t.
8807
Let s(f) = f**3 - 4*f**2 - 8*f + 13. Let x be s(6). Let k = x + -33. Suppose 3*v - 217 = k*c - 5*c, -2*c + 142 = 2*v. List the prime factors of v.
73
Let s = -64 - -62. Let z be (0*1*(-2)/4)/s. Suppose -26 = -v + 5*r, z = -5*v - r + 89 + 171. What are the prime factors of v?
3, 17
Let u = -1201 + -327. Let v = -213 - u. What are the prime factors of v?
5, 263
Let n = 3882 - -25055. What are the prime factors of n?
19, 1523
Suppose -5*t - 85 + 550 = 0. Let p = 389 - t. List the prime factors of p.
2, 37
Let g be ((2 - 4) + (-11)/(-1))*-1. List the prime factors of ((-609)/g + 3)*(-2 - -5).
2, 53
Suppose 0*l + 17*l - 51 = 0. Suppose l*m + 2*m - 5*a = 1895, 4*m + a = 1536. What are the prime factors of m?
383
Let r(v) = 27*v - 120. Let h be r(5). Suppose -374 = 4*w - 4*s - 4186, -3*s - h = 0. List the prime factors of w.
2, 3, 79
Let p be (24/84 - 4/14)/(-2). List the prime factors of 114*((-31)/(-3) - p).
2, 19, 31
Let k = -22 - -25. Suppose -2*c - u + 5 = 0, -2*c - k*u = 3*c - 15. Suppose c*s + 2*s - 842 = -4*i, 4 = 4*s. What are the prime factors of i?
2, 3, 5, 7
Suppose 4*p + 116 = t + 2416, -4*t = p - 558. Let y = p - 256. What are the prime factors of y?
2, 3, 53
Suppose -5*j + 25 = 3*t - 48, 2*j = -t + 30. Let k(g) = g**3 + 33*g - j - 17*g**2 + 2 + 0 - 10. What are the prime factors of k(16)?
13, 19
Suppose 5*v = -5, -4*f - 12*v + 7*v + 2023 = 0. List the prime factors of f.
3, 13
Let v(o) = -o**3 - 3*o**2 - o + 6. Let q be v(-5). Suppose -39*r + 110 = -34*r. Suppose -r*d = -23*d + q. What are the prime factors of d?
61
Let c(r) = 2*r + 12. Let l be c(-4). Let w(z) = 2 - z + 2 + l + 10. What are the prime factors of w(-13)?
31
Let l be (-2328)/20 - (-14)/105*3. Let v = 167 + l. List the prime factors of v.
3, 17
Let u(v) = -v**3 + v**2 + 4*v - 4. Let p be u(-14). List the prime factors of p/8*4 + -7.
1433
Let w be -17 + 16 - (-8)/(1 - -1). Suppose 31 = w*k - 671. What are the prime factors of k?
2, 3, 13
Let o(l) = 41 - 2 + l + 1. What are the prime factors of o(5)?
3, 5
Let d(k) = -k**3 - k**2 - k + 189. Suppose -4*o = 8*o. Let t be d(o). Suppose 3*b = 4*m - 232 - 153, t = 2*m - 5*b. What are the prime factors of m?
97
Let t(z) = -z. Let k(o) = 3*o**2 - 8*o - 1. Let f(d) = -k(d) + 6*t(d). Let y be f(1). Suppose 3*j + 12 = y, 5*p - 319 = 2*j - j. List the prime factors of p.
3, 7
Suppose 0 = -8*g + 99 + 37. Suppose -3*i + 17 = g. Suppose -5*j + 5*y = -0*j - 505, -5*j + 2*y + 493 = i. What are the prime factors of j?
97
Suppose 0 = 123*t + 850380 - 7902339. What are the prime factors of t?
3, 29, 659
Let v = -15075 + 27261. List the prime factors of v.
2, 3, 677
Let l(i) = -i**3 - 27*i**2 - 31*i - 7. Let a(f) = 15*f + 64. Let y be a(-6). List the prime factors of l(y).
3, 41
Let x(f) = 40*f + 4844. What are the prime factors of x(110)?
2, 2311
Let v = -19 - -16. Let o(m) = -11*m + 8. Let y(j) = -12*j + 9. Let x(h) = v*y(h) + 2*o(h). List the prime factors of x(4).
3, 5
Let b be -1*(4 - 3)*(-10 - 2377). Suppose t + 3 = 0, -7*m + 2*m + 4*t + b = 0. What are the prime factors of m?
5, 19
Suppose -2*b = 4*t - 1204 - 2836, b - t = 2002. What are the prime factors of b?
2, 251
Let g be (-4408)/(-532) + (10/14 - 1). Suppose -32*z = -g*z - 7776. What are the prime factors of z?
2, 3
Let b(r) = 3*r + 19. Let s(u) = -6*u - 39. Let g(f) = -13*b(f) - 6*s(f). Let v be g(-7). Suppose -5*q - 2*p = -p - 524, v = 2*p. List the prime factors of q.
2, 13
Let p(d) = 322*d**2 - 310*d - 1820. What are the prime factors of p(-6)?
2, 727
Suppose -2*i - 2*l = -0*i - 15822, 4*i - l - 31639 = 0. List the prime factors of i.
2, 5, 7, 113
Let w be (-4)/(-6) + (-2)/3*-5. Let s be (-122)/(-4) - (-2)/w. Suppose -28*h + s*h - 204 = 0. What are the prime factors of h?
2, 17
Let v(i) = i**3 + 14*i**2 + 4*i + 17. Let j(w) = -6*w - 41. Let a be j(-7). Let x(t) = -14*t**2 + 4*t - 3. Let n be x(a). What are the prime factors of v(n)?
2, 67
Suppose -52 = -0*s - 26*s. Suppose -2*c - s*b + 11 = -63, 176 = 5*c + 2*b. What are the prime factors of c?
2, 17
What are the prime factors of 21/(-9)*-339 - -13?
2, 3, 67
Let l be 1*((-27)/36 - (-246)/8). Suppose -l*v + 26*v + 2676 = 0. What are the prime factors of v?
3, 223
Let v = 6030 - 3634. List the prime factors of v.
2, 599
Let b(t) = -23*t - 59. Let n be b(-19). Suppose 2166 = 8*w - n. What are the prime factors of w?
2, 3, 53
Let w(j) = 3*j + 48. Let u be w(-15). Suppose 2*p - 3*y = 155, u*y = -4*p + 2*y + 317. Suppose -4*q = -p - 113. List the prime factors of q.
2, 3
Suppose -3*t - z = 5495, 4*z - 2*z = 3*t + 5498. Let h = 3657 + t. What are the prime factors of h?
5, 73
Let w = -167 + 188. Suppose 5208 = w*x - 13*x. List the prime factors of x.
3, 7, 31
Let h(v) = -2*v**3 + 40*v**2 - 29*v - 3. Let k(s) = -s**3 - s**2 - s. Let y(c) = -h(c) + 6*k(c). List the prime factors of y(-14).
3, 547
Let p(q) = -23*q**3 + 14*q**2 - 18*q - 34. List the prime factors of p(-8).
2, 7, 11, 83
Let b(i) = -5*i**3 - 7*i**2 + 2*i + 34. List the prime factors of b(-16).
2, 3, 5, 7, 89
Let h be -4 + 2/((-10)/605). Let i = 128 + h. What are the prime factors of i*-1*(475/(-15) - 4)?
107
Suppose 2*a = 3*t + 29 - 9, 4*t + 2*a = -50. List the prime factors of (4005/(-10))/(55/t - -5).
3, 89
Let w = -6025 - -11878. Suppose -6*v = -5*k + w - 1223, -v = 0. What are the prime factors of k?
2, 463
Suppose -r = -0*r - 6*r. Let p be 0/((-3)/((-3)/(-2))). Suppose p = -3*y + w + 369 - 136, r = 5*w + 25. What are the prime factors of y?
2, 19
Let v = -18490 - -18445. Let b(u) = -u - 1. Let r be b(4). List the prime factors of 2193/27 + r/(v/(-2)).
3
Let a(g) = -3137*g + 3. Let o be a(-1). Suppose o = 5*y + 735. List the prime factors of y.
13, 37
Suppose -4*w - 28 - 4 = -4*m, -8 = -4*w. Suppose m*v = 6*v + 36. List the